10 and 56?
14
Calculate the greatest common divisor of 2666 and 248.
62
What is the greatest common divisor of 192 and 232?
8
What is the greatest common factor of 4 and 108?
4
Calculate the greatest common factor of 285 and 228.
57
What is the greatest common divisor of 39622 and 22?
22
Calculate the highest common divisor of 534 and 12.
6
What is the greatest common factor of 34 and 289?
17
What is the greatest common factor of 738 and 18?
18
Calculate the greatest common factor of 1 and 79.
1
What is the highest common factor of 40 and 376?
8
What is the greatest common factor of 17714 and 17?
17
Calculate the greatest common factor of 187 and 68.
17
Calculate the greatest common divisor of 273 and 7.
7
Calculate the greatest common divisor of 4 and 26.
2
Calculate the greatest common divisor of 12 and 51.
3
What is the highest common divisor of 84 and 48?
12
What is the greatest common factor of 141 and 6345?
141
What is the highest common factor of 14679 and 126?
63
What is the highest common divisor of 16 and 272?
16
Calculate the highest common factor of 115 and 7015.
115
Calculate the greatest common divisor of 350 and 210.
70
What is the greatest common divisor of 43 and 387?
43
What is the highest common factor of 175 and 8575?
175
What is the highest common divisor of 168 and 1092?
84
Calculate the greatest common factor of 75 and 500.
25
What is the highest common divisor of 185 and 10?
5
Calculate the highest common divisor of 136 and 884.
68
Calculate the greatest common divisor of 21 and 672.
21
Calculate the highest common divisor of 831 and 3.
3
What is the greatest common factor of 135 and 10485?
45
Calculate the highest common factor of 20 and 2620.
20
What is the highest common factor of 19635 and 165?
165
Calculate the greatest common factor of 51 and 2941.
17
Calculate the highest common divisor of 319 and 99.
11
Calculate the greatest common divisor of 45123 and 169.
169
What is the highest common divisor of 76 and 152?
76
Calculate the greatest common factor of 2 and 82.
2
Calculate the highest common factor of 35 and 585.
5
Calculate the greatest common divisor of 340 and 100.
20
Calculate the highest common divisor of 944 and 413.
59
Calculate the greatest common divisor of 2175 and 375.
75
What is the greatest common divisor of 135 and 93?
3
What is the highest common factor of 57 and 474?
3
Calculate the highest common divisor of 34 and 102.
34
Calculate the greatest common divisor of 124 and 32.
4
What is the highest common divisor of 522 and 36?
18
What is the greatest common factor of 326 and 18?
2
Calculate the highest common factor of 1026 and 323.
19
Calculate the greatest common divisor of 96 and 160.
32
What is the highest common factor of 1127 and 3220?
161
Calculate the highest common divisor of 16 and 568.
8
What is the highest common divisor of 621 and 2277?
207
What is the greatest common divisor of 496 and 32?
16
What is the greatest common divisor of 156 and 48?
12
Calculate the greatest common factor of 1504 and 32.
32
Calculate the highest common divisor of 502 and 2.
2
What is the highest common factor of 8876 and 28?
28
What is the greatest common factor of 1 and 564?
1
What is the greatest common divisor of 931 and 19?
19
What is the highest common divisor of 437 and 2783?
23
What is the highest common divisor of 1017 and 39?
3
What is the greatest common factor of 950 and 110?
10
What is the highest common divisor of 36 and 24?
12
What is the greatest common factor of 23 and 1863?
23
What is the highest common divisor of 1548 and 11524?
172
Calculate the highest common divisor of 161 and 35.
7
What is the greatest common divisor of 21128 and 152?
152
What is the greatest common factor of 126 and 322?
14
Calculate the greatest common divisor of 19656 and 1911.
273
Calculate the greatest common factor of 21488 and 272.
272
What is the highest common divisor of 73 and 365?
73
What is the greatest common factor of 684 and 108?
36
What is the greatest common factor of 1016 and 635?
127
Calculate the greatest common divisor of 46 and 6.
2
Calculate the highest common divisor of 33 and 913.
11
Calculate the highest common divisor of 38 and 323.
19
What is the greatest common factor of 104 and 1846?
26
What is the greatest common divisor of 52 and 3068?
52
What is the greatest common factor of 3060 and 45?
45
What is the greatest common factor of 112 and 91?
7
What is the greatest common factor of 242 and 2662?
242
Calculate the highest common divisor of 19 and 19.
19
What is the greatest common factor of 70 and 14?
14
Calculate the greatest common factor of 78 and 60.
6
What is the highest common divisor of 98 and 4214?
98
Calculate the highest common divisor of 54 and 144.
18
What is the greatest common factor of 21 and 6069?
21
Calculate the greatest common divisor of 140 and 80.
20
Calculate the greatest common factor of 14 and 3647.
7
What is the greatest common divisor of 104 and 247?
13
What is the greatest common factor of 1283 and 2?
1
Calculate the greatest common divisor of 12782 and 924.
154
What is the greatest common divisor of 36 and 117?
9
What is the greatest common divisor of 3353 and 28?
7
Calculate the greatest common divisor of 234 and 126.
18
Calculate the highest common divisor of 2 and 8.
2
Calculate the highest common factor of 3096 and 396.
36
Calculate the highest common divisor of 5238 and 194.
194
Calculate the highest common factor of 266 and 95.
19
Calculate the greatest common factor of 128 and 352.
32
What is the greatest common divisor of 63 and 441?
63
Calculate the greatest common divisor of 1448 and 32.
8
Calculate the highest common factor of 144 and 96.
48
What is the highest common factor of 54 and 864?
54
What is the highest common factor of 12536 and 16?
8
Calculate the greatest common factor of 534 and 2937.
267
Calculate the greatest common divisor of 171 and 152.
19
What is the greatest common divisor of 400 and 2320?
80
What is the highest common divisor of 152 and 171?
19
Calculate the highest common divisor of 11214 and 72.
18
Calculate the highest common factor of 32864 and 104.
104
Calculate the highest common factor of 26 and 10.
2
What is the highest common factor of 219 and 1241?
73
Calculate the greatest common divisor of 208 and 2028.
52
Calculate the highest common divisor of 49 and 67.
1
What is the highest common divisor of 2 and 10?
2
What is the greatest common factor of 639 and 117?
9
Calculate the highest common factor of 37 and 46250.
37
What is the highest common divisor of 175 and 245?
35
Calculate the highest common factor of 720 and 288.
144
What is the highest common divisor of 62408 and 232?
232
Calculate the highest common divisor of 26 and 13.
13
What is the greatest common divisor of 4014 and 18?
18
Calculate the highest common factor of 333 and 6.
3
Calculate the greatest common divisor of 20 and 550.
10
What is the highest common factor of 1064 and 190?
38
What is the highest common factor of 8 and 256?
8
Calculate the highest common factor of 4860 and 480.
60
Calculate the greatest common divisor of 2128 and 1729.
133
What is the greatest common divisor of 19809 and 18?
9
What is the greatest common divisor of 12 and 75?
3
What is the greatest common factor of 256 and 3456?
128
What is the greatest common factor of 20 and 40?
20
Calculate the highest common divisor of 88 and 11.
11
What is the greatest common factor of 18981 and 27?
27
What is the greatest common factor of 8 and 72?
8
What is the greatest common divisor of 39 and 975?
39
Calculate the highest common factor of 1 and 47.
1
What is the greatest common divisor of 50427 and 117?
117
Calculate the greatest common factor of 324 and 252.
36
Calculate the greatest common divisor of 239 and 9799.
239
Calculate the greatest common divisor of 115 and 414.
23
Calculate the greatest common divisor of 87 and 1653.
87
Calculate the highest common divisor of 1110 and 518.
74
What is the greatest common factor of 1183 and 845?
169
What is the highest common divisor of 312 and 6?
6
Calculate the greatest common factor of 37 and 1480.
37
What is the greatest common factor of 302 and 755?
151
What is the highest common divisor of 10 and 55?
5
Calculate the greatest common factor